eatest common factor of 44 and z.
11
Suppose 2*i - 206 = 4*s - 38, -s - 159 = -2*i. Calculate the greatest common factor of i and 39.
39
Let t(c) = -1 - 2*c + 0 - 2 + 6*c**2. Let d be t(-2). Calculate the greatest common divisor of 225 and d.
25
Let c(a) = -a**3 - 12*a**2 - 2*a - 17. Let s be c(-12). Let l = s + 6. Calculate the greatest common divisor of l and 117.
13
Let m(t) = 42*t**2 - t. Let g be m(1). Let c = 0 + -28. Let j = c + g. What is the highest common divisor of j and 13?
13
Let i = 18 - 9. Let n be -1*30/i*-18. Let y(x) = -5*x**3 + x**2 + 2*x. Let h be y(-2). What is the greatest common factor of n and h?
20
Let z be 35*(6 + (2 - 2)). Suppose y = -2*y + z. Suppose -3*n + y = -5. What is the highest common divisor of 10 and n?
5
Let v be 2/(-8) - (-17)/4. Calculate the greatest common divisor of 20 and v.
4
Let u be (4 - 1)/((-3)/(-10)). Let f(p) = p**2 - 3*p + 2. Let a be f(-4). What is the greatest common factor of u and a?
10
Suppose 5*g + 12 = g, 4*x - 3*g - 33 = 0. What is the greatest common divisor of x and 6?
6
Suppose -220 = -3*m - 2*m. Let h be (-2 + 4)*(-31)/2. Let g = m + h. What is the greatest common factor of 117 and g?
13
Let u = 27 - 17. Calculate the highest common factor of 80 and u.
10
Suppose 0 = 3*w + 5 - 17. Suppose -152 = -n + w*s, s = -5 + 3. Suppose -13 = -q - 3*x, q - 3*x = -0*q + 19. Calculate the highest common factor of n and q.
16
Let z be (-10)/(-25) + 128/5. Let o = z - 14. Let q be 14 - 1 - (1 + 0). Calculate the highest common factor of q and o.
12
Let w(r) = r**2 - 11*r + 3. Let t be w(5). Let s = t + 59. Calculate the highest common factor of 4 and s.
4
Suppose -17*a + 15*a + 108 = 0. What is the greatest common factor of a and 72?
18
Let p(n) = 8*n**2 - 17*n + 2. Let v be p(3). What is the highest common factor of v and 115?
23
Let x = 49 - 25. Calculate the highest common factor of x and 60.
12
Let q = -14 - -18. Calculate the highest common divisor of q and 20.
4
Let u be (2 + (-2)/1)/(-1). Suppose b - 10 = -u*b. Let p be 1/(-2)*-4 - -2. What is the greatest common divisor of p and b?
2
Let x(z) = -z + 21. Let r be x(8). What is the greatest common factor of 143 and r?
13
Suppose 0 = -3*j + 9 + 3. What is the greatest common divisor of 1 and j?
1
Let l = -54 + 108. Suppose -49 = -3*g - o + l, -138 = -4*g - o. Suppose 0 = -k - 0*k + 7. Calculate the greatest common factor of g and k.
7
Let u be (1 + -6)*(-120)/50. What is the highest common factor of u and 12?
12
Let b = 105 - 99. What is the highest common factor of b and 30?
6
Let q = -8 - -11. Calculate the greatest common divisor of 2 and q.
1
Suppose 0 = 4*r + 58 - 18. Let y be (-6)/(-5)*r/(-4). Suppose -y*s + 43 = -17. What is the highest common factor of 10 and s?
10
Suppose 3*q - 5 = -11, -f = -q - 38. Let i(x) = 11 + 1 - x + 2*x. Let u be i(0). Calculate the greatest common factor of u and f.
12
Suppose 0 = 2*x - 0*y - y - 222, -3*x - y = -338. Let l = -15 + 18. Suppose 29 = l*f - 13. What is the greatest common factor of f and x?
14
Suppose 0 = -3*x + 197 - 41. Suppose 4*n - 2*i - 12 = x, -5*i = 20. Suppose -5*c + 4*c + 42 = 0. What is the highest common factor of n and c?
14
Let a(m) = 2*m - 2. Let w be a(2). Suppose w*o = o + 20. Calculate the highest common factor of 220 and o.
20
Suppose 0*i = i - 10. Let u = -90 + 180. What is the greatest common factor of i and u?
10
Let q be 10*((-6)/(-4) + 0). Let f be (-268)/(-3) - (-10)/q. Calculate the highest common factor of 36 and f.
18
Let o be 33*(-132)/(-45) + (-8)/10. What is the greatest common divisor of 24 and o?
24
Let u(c) = -c**2 + 10*c + 13. Let p = 22 + -12. Let i be u(p). What is the highest common factor of 91 and i?
13
Suppose 9 + 0 = 3*l. Suppose -m - l*m = 4, -5*p + 162 = -2*m. Calculate the highest common factor of 48 and p.
16
Let q be ((-5)/3)/(2/(-6)). Let p(h) = 2*h + 1. Let g be p(1). Suppose -g*y = -l + 40, -2*y = -5*l + 4*l + 40. What is the greatest common divisor of l and q?
5
Let o be (90 - (1 - -1))/1. Calculate the greatest common factor of 8 and o.
8
Let v(n) = -n. Let y be v(-17). Calculate the highest common factor of 68 and y.
17
Suppose 8*n - 3*n = 40. What is the highest common divisor of 4 and n?
4
Let k = 4 - 4. Suppose -8 = -4*x - k. Let d be (-3)/(-6)*x + 76. What is the greatest common divisor of 11 and d?
11
Let u = -25 - -36. Let f(b) = -8*b - 9. Let n be f(-8). Calculate the greatest common factor of u and n.
11
Suppose -3*g - 4 = -d + 21, 5*d = -3*g + 71. Let x be (-4)/14 - (-338)/7. What is the greatest common divisor of d and x?
16
Let w(c) = -4 + 4*c**2 - 3*c**2 + 87*c**3 + 3 + c. Let q be w(1). Calculate the greatest common divisor of q and 8.
8
Suppose 5*y - 163 - 127 = 5*x, -2*y - 3*x = -126. What is the greatest common factor of 12 and y?
12
Suppose -4*y + 4*i + 52 = 0, 3*y - i = i + 36. Let g(d) = d**2 + 5*d - 9. Let w be g(-7). Calculate the highest common divisor of w and y.
5
Let h(q) be the first derivative of -q**4/4 - 5*q**3/3 - 3*q**2/2 - q - 1. Let y = 24 + -29. Let v be h(y). What is the greatest common divisor of v and 98?
14
Suppose -6*l + 17*l = 1617. What is the greatest common divisor of 49 and l?
49
Let x = 9 - -1. Let i be x/(-1)*(-42)/12. Calculate the highest common divisor of 14 and i.
7
Suppose -5*u + 3*u + 8 = 0. Suppose 0 = u*g + 20, -3*c - 3*g = -0*g - 69. What is the highest common divisor of c and 4?
4
Let t be (0 - 2/(-6))*(10 - -23). Suppose 3*b + 0*b - 99 = 0. What is the highest common factor of t and b?
11
Suppose -j - 32 = -2*j. Suppose 5*d = j + 68. Calculate the greatest common factor of d and 5.
5
Let x(f) = -8*f**2 + 53*f - 33. Let d(b) = -3*b**2 + 18*b - 11. Let s(z) = -11*d(z) + 4*x(z). Let y be s(-16). Calculate the highest common factor of 84 and y.
21
Let r(u) = 2*u**2 - 4*u**2 + 3*u**2 + 5 - 6*u. Let z be 5 + (2 + -1)*1. Let j be r(z). Calculate the highest common divisor of 45 and j.
5
Let r(j) = -j**2 + 8*j - 5. Let b be r(7). Suppose -m - y = -13, -m - b*y = 3*y - 5. What is the highest common factor of 30 and m?
15
Let x(w) = 1 - 12*w**3 + 10*w**2 - 10*w**2 + 2*w. Let a be x(-1). Calculate the greatest common factor of 88 and a.
11
Let s be (-5 - (-21)/9)*(-3)/4. Suppose -3*p + 2*p + 8 = 0. What is the greatest common factor of p and s?
2
Let k = 60 - 60. Suppose 144 = -0*v + 3*v. Suppose 0*s + 3*s - v = k. Calculate the highest common divisor of 8 and s.
8
Let r(g) = -g**3 + 7*g**2 - 5*g + 9. Let a be r(6). Let j be ((-18)/(-15))/(4/10). What is the highest common divisor of a and j?
3
Let n(o) = -o**3 - 3*o**2 + o + 6. Let s be n(-4). Calculate the greatest common divisor of s and 99.
9
Let d be (-6)/2 + (2 - -4). Calculate the greatest common divisor of 27 and d.
3
Suppose 0 = 5*h - a - 185, -3*h + 4*a + 49 = -79. Calculate the highest common factor of h and 90.
18
Let r(u) = u**3 + 7*u**2 + u + 3. Let q be r(-3). Calculate the highest common factor of q and 18.
18
Suppose 520 = 4*c - 0*c + 4*h, 10 = 2*h. What is the greatest common divisor of c and 50?
25
Let q = 64 + -52. Suppose 5*l = -3*s, 0*l + 5*l - s - 20 = 0. What is the greatest common divisor of q and l?
3
Let z(f) = 8*f**2 + 4*f - 10. Let g be z(-4). What is the highest common divisor of g and 6?
6
Suppose 3*m = -2*v - m + 200, v - 84 = 2*m. What is the highest common divisor of v and 23?
23
Let m(n) = -n**2 + 9*n + 2. Let o be m(9). Suppose -2 = -o*y + 8. Let x = 46 - 11. What is the highest common divisor of x and y?
5
Let f be (-66 - 5)*(0 + -1). Suppose 5*q - f = 49. Let t(g) = g**2 - 6*g + 5. Let s be t(11). What is the highest common divisor of q and s?
12
Suppose -2*c + 69 = -2*l - l, -3*c = -4*l - 102. What is the greatest common divisor of c and 210?
30
Let h(l) = -7*l**2 - 11*l - 5. Let k(g) = 15*g**2 + 23*g + 11. Let v(x) = -13*h(x) - 6*k(x). Let w be v(-6). What is the highest common divisor of w and 25?
5
Suppose -672 = -6*c - 132. Calculate the highest common divisor of c and 10.
10
Suppose b - 18 = 3*o, -3*o + 0*o = 5*b - 144. Calculate the greatest common factor of b and 18.
9
Let q be ((-2)/(-5))/((-6)/30). Let l = q - -12. Suppose -3*c + 31 = -5*f, 7*c + 5*f = 2*c - 15. What is the highest common divisor of c and l?
2
Let h = 9 + -38. Let m = h - -51. Calculate the highest common factor of 33 and m.
11